 Is 5 a factor of x(l)?
False
Is (312 - 3)*(-1)/(-3) a multiple of 14?
False
Let d be 1*2 + 0/2. Suppose z - 7*m + d*m = -8, -z = 4*m - 19. Is z a multiple of 3?
False
Let j(m) = -7*m + 5. Is j(-7) a multiple of 18?
True
Does 12 divide 4 - 1 - 4 - -37?
True
Let g be 0 + 0 + -3 - -7. Suppose -9 - 15 = -3*i. Let h = i - g. Is h a multiple of 4?
True
Let j = 101 + -54. Does 16 divide j?
False
Suppose -c - 92 = -5*c. Is 5 a factor of c?
False
Is 27 a factor of (-4 - -95) + (1 - 0)?
False
Suppose -5*s - 2*b - 52 = 0, -2*s - 3*s - 56 = b. Let p = s + 21. Is 5 a factor of p?
False
Let r = -6 + 0. Let l = 10 + -2. Is 8 a factor of (3*-2)/(r/l)?
True
Let a(i) = -i**3 - i**2 - i. Let o be a(0). Suppose 99 = 3*q - o*q. Let z = q - 17. Is 8 a factor of z?
True
Let u be (-4)/8 - 254/(-4). Suppose -o + 4 = b - 3, -20 = -4*b - 2*o. Suppose -4*i + 2*w = -72, -b*i - 2*w = w - u. Is i a multiple of 15?
False
Let u(v) = v**3 + 7*v**2 + 3*v - 6. Let f = 7 - 13. Does 3 divide u(f)?
True
Let s = 7 - 5. Suppose s*v + 20 = 2*x + 4*v, -3*x + 28 = v. Is x a multiple of 9?
True
Let t(v) = 5*v**3 - 10*v**2 + 3*v - 6. Let m(k) = -k**3 + k**2 + 1. Let l(p) = -4*m(p) - t(p). Let u(f) = -f. Let g be u(-4). Is l(g) a multiple of 11?
True
Is 6 a factor of (2/5)/((-10)/(-750))?
True
Suppose 0 = k - 88 + 4. Suppose 0 = 3*h - h - k. Suppose 0 = 3*w - h - 45. Is 13 a factor of w?
False
Is 6 a factor of (-18)/7*-7*1?
True
Is 10 a factor of 89 - (-6)/(-6 - -4)?
False
Suppose 2*a = f - 13, -5*a + 9 - 34 = -f. Does 11 divide 230/8 + f/20?
False
Let a(t) = t**3 + 7*t**2 + 4*t + 3. Suppose 15 = -5*p - 0. Let h be a(p). Suppose -29 - h = -2*f. Is 16 a factor of f?
False
Suppose 2*o - 3*a = 3, 20 = -2*o + 7*o + 5*a. Let f = 21 + o. Does 12 divide f?
True
Let p(t) = 3*t - 13. Let r(m) = 4*m - 20. Let g(o) = 7*p(o) - 5*r(o). Let i be g(-7). Is 10 a factor of (-2 + 0)/(i/(-10))?
True
Let y(w) = 3*w**2 - 6*w + 6. Let r = 7 - 4. Let x = r - -1. Is y(x) a multiple of 15?
True
Let n(l) = l**2 + 5*l - 14. Does 14 divide n(7)?
True
Let l be 3 + -2 - 1*-5. Let x = 6 - l. Suppose 20 = -x*j + 5*j - 4*i, 0 = -3*j + 3*i + 12. Is j a multiple of 3?
False
Suppose -5*x + 2*j = -2*x - 222, 4*j + 12 = 0. Suppose -t + 4*t = x. Is t a multiple of 8?
True
Let y(h) be the first derivative of h**3/3 + 3*h**2 - 2*h + 1. Is 25 a factor of y(7)?
False
Let m = -22 + 9. Let g = 26 + m. Is 2 + g + 2 + -4 a multiple of 6?
False
Let r(v) = 8*v - 1. Let g be r(1). Let q(d) = d**2 + d - 3. Let p be q(0). Does 16 divide (g - 1)/p - -34?
True
Let p be -9*(-6)/45*10. Suppose 4*t - 124 = b, 2*t - 3*b - p - 40 = 0. Suppose -8 + t = 3*w. Is w a multiple of 4?
True
Suppose -5*n = 213 + 127. Is n*(4 + -3 + -2) a multiple of 15?
False
Let p = 12 + -10. Suppose 4*c = -0*u - p*u + 88, 5*u + c = 220. Is 22 a factor of u?
True
Let m be -2*1 + -5 + 64. Let y = m - 35. Is 11 a factor of y?
True
Let j be (0 + 0)*(-1)/2. Let r = j - 2. Let n = 0 - r. Is 2 a factor of n?
True
Let d(a) = -5*a - 5. Let i be d(-4). Suppose 3*z = -2*z + i. Is 0*1/z - -5 a multiple of 5?
True
Let u = -6 + 10. Suppose -3*o = -3*y - 33, 4 = -u*y + 2*y. Is o a multiple of 6?
False
Let w(k) be the third derivative of k**5/60 - k**4/12 - k**3/6 - k**2. Let u be (-1 + 7)/(-2 + (-35)/(-10)). Is w(u) a multiple of 3?
False
Let x(w) = -w**3 - w**2 + 3*w - 4. Let i(t) = t**3 - 9*t**2 + 9*t - 9. Let a be i(8). Let o = -5 - a. Does 22 divide x(o)?
False
Let v(n) = n**3 - 3*n**2 + 3*n + 4. Let k be v(3). Suppose 5*p + 25 = a, 3*a - p = 4*a - k. Does 7 divide a?
False
Suppose 4*i + 51 - 127 = 0. Does 3 divide i?
False
Let j = 5 + -5. Suppose j*n - 10 = -2*n. Suppose 24 + 36 = n*z. Is 5 a factor of z?
False
Let u = 35 + 5. Is u a multiple of 20?
True
Suppose 0 = -4*m - 4*l + 36, 0 = 5*m - 3*l + l - 10. Let o(z) = -7*z - 8. Let n(s) = 8*s + 9. Let b(y) = m*n(y) + 5*o(y). Is b(-10) a multiple of 13?
True
Let m = 2 - -2. Suppose 6 - 34 = 2*o - m*r, 5*o = 4*r - 76. Let f = 30 + o. Is 7 a factor of f?
True
Let b(j) = j + 5. Let p be b(0). Let d(i) = i**3 - 6*i**2 + 4*i - 1. Let v be d(p). Is 11 a factor of -3*(2 - (-76)/v)?
False
Let b(h) = 19*h + 11. Let r be b(8). Let z = 110 - r. Let g = -2 - z. Is 18 a factor of g?
False
Suppose -2 = -3*c + 4. Does 7 divide (c + 3 - -2)*2?
True
Suppose 0*o = 5*o + 60. Let c be (o/9 - -1)*-9. Suppose 0 = 3*g + 2*v - 41 + c, 2*v = -5*g + 58. Does 9 divide g?
False
Let o(x) = 10*x**2 - x - 2. Let f be o(-1). Suppose -5*m - 40 = -f*m. Is 6 a factor of m?
False
Let p(x) = x**2 + 3*x - 1. Is p(-7) a multiple of 27?
True
Let f = -5 - -8. Suppose z = -3*n + 9 - 4, f*n - 4*z = 25. Suppose -2*c - 3*c = 5*d - 145, -92 = -n*d - 4*c. Is d a multiple of 11?
False
Suppose 2*c = -3*g + 6*c + 38, -102 = -5*g - 3*c. Is 9 a factor of g?
True
Let z(u) = 119*u**2 + u - 2. Does 7 divide z(1)?
False
Let f(d) = 3*d - 4. Let v be f(3). Let j(s) = -s**3 - 5*s**2 - 6*s - 4. Let x be j(-6). Suppose v*o - x = 42. Does 11 divide o?
True
Let x be (5 - 2)*1/1. Let i be 7/2*24/x. Suppose -4*k = r - 31 - i, 2*k + 2*r = 34. Does 10 divide k?
False
Let j = 10 - 8. Suppose j*n = 6*n - 152. Suppose -5*s - n = -343. Is s a multiple of 17?
False
Let o(y) = -y**2 - 4*y. Let h be o(-5). Let z be (1 + -1)*1/(-2). Is 11 a factor of (z - -5)*(-22)/h?
True
Let g = 96 + -26. Is 10 a factor of g?
True
Let w = -6 + 24. Is 17 a factor of w?
False
Let m = 19 + 0. Is 19 a factor of m?
True
Suppose -6*g - 39 = -9*g. Is 13 a factor of g?
True
Let p = 314 + -174. Does 28 divide p?
True
Let o = 227 + -461. Is (-4)/(-10) + o/(-15) a multiple of 7?
False
Let t(o) = o - 4. Let w be t(6). Let i(c) = 22 + c + 3*c**w + 0*c - 2*c**2. Does 11 divide i(0)?
True
Let n = 2 - 3. Let h(u) = 10*u + 1. Let j be h(n). Let f(a) = a**3 + 8*a**2 - 9*a + 7. Does 2 divide f(j)?
False
Let o = -12 + 57. Let x be (8/(-6))/((-5)/o). Suppose 0 = -5*u + 38 + x. Is 5 a factor of u?
True
Let k = -14 + -33. Suppose 2*i - 3*i = 29. Let t = i - k. Is 9 a factor of t?
True
Let w = -2 - -10. Does 2 divide w?
True
Suppose 3*z = 2*h + 23, 3*h + 1 + 11 = 0. Suppose -m + 15 = -z. Is 9 a factor of m?
False
Let i(s) = -s**3 + 6*s**2 + 9*s - 8. Let n be i(7). Is 9 a factor of n/2*(-60)/(-9)?
False
Let i = 18 - 13. Suppose 3*x - 3*k = 12, i*x + 3*k + 2*k = 0. Suppose x*s = -0*s + 48. Is s a multiple of 12?
True
Let m = 55 + -10. Does 15 divide m?
True
Let r = 374 - 217. Does 8 divide r?
False
Suppose -2*q + 117 = 3*g + 2*g, 0 = 3*q - g - 218. Does 24 divide q?
False
Let t(g) = 128*g - 2. Is t(1) a multiple of 24?
False
Let n = -5 + -105. Does 13 divide n/(-3) + (-4)/(-12)?
False
Let b = 19 - 9. Suppose 4*k = 6*k + b. Is 65/2*(-4)/k a multiple of 13?
True
Suppose -141 = -3*m - 3*v - 2*v, 5*m - 2*v = 204. Does 7 divide m?
True
Let i(g) = -g**3 + 6*g**2 - 2*g + 6. Let s be i(6). Let a = -3 - s. Suppose 4*z - 3*z = 0, 4*h = a*z + 28. Is 5 a factor of h?
False
Let n(m) be the third derivative of m**6/120 - 4*m**5/15 + 2*m**4/3 + 3*m**3/2 - 3*m**2. Is 13 a factor of n(15)?
False
Let k(b) = b - 1. Let c(l) = -15*l. Let f(q) = c(q) + 6*k(q). Let g be f(-7). Suppose -7 = 2*r - g. Is 11 a factor of r?
False
Let s be 6/4*(-10)/(-3). Suppose -3*h + s*u = -0 - 3, 4*h - u = 21. Is 2 a factor of h?
True
Let g be (-4 - 2)*(-1)/2. Suppose 0 = 4*n - 7*n + 3*m + 114, -g*m = -2*n + 81. Does 11 divide n?
True
Suppose -2*f + 3*f = 30. Suppose k = -3*a - 97, -5*k + f = -a - 3*k. Let z = -18 - a. Is z a multiple of 14?
True
Let o(j) = j**3 + 18*j**2 + 16*j - 4. Is o(-17) a multiple of 4?
False
Let q(h) = 2*h + 30. Is 15 a factor of q(0)?
True
Let r(a) be the second derivative of -a**5/2 - a**4/3 - 2*a**3/3 - 3*a**2/2 + a. Is 23 a factor of r(-2)?
True
Let g(l) = l**2 + 4*l. Let f be g(-5). Suppose 65 = -f*v + 315. Does 25 divide v?
True
Suppose 0 = -3*t - 3*w + 45, -4*w + 19 = -4*t + 71. Is (24/t)/((-2)/(-35)) a multiple of 17?
False
Let l = 105 + -102. Does 3 divide l?
True
Suppose 0 = -4*q - 8 + 128. Is q a multiple of 10?
True
Is (-220)/(-8) - 1/(-2) a multiple of 7?
True
Suppose -x + 60 = 3*x. Is x a multiple of 6?
False
Suppose 2*q - 6 = 0, -5*d - q - 2*q = -414. Is 9 a factor of d?
True
Let y = -1 + 5. Suppose -316 = -4*x + y*z, z - 25 = -4*z. Suppose 3*j = 3, -h + x = 4*h + 4*j. Does 16 divide h?
True
Let g = -152 - -328. Suppose -n + 44 = 5*u, -4*n +